What is the units digit of l(-13)?
3
Suppose 0 = -3*q - 12*w + 10*w + 3202, -5354 = -5*q + w. What is the units digit of q?
0
Suppose -75*r + 79*r - 984 = -4*q, -5*q - 15 = 0. What is the hundreds digit of r?
2
What is the tens digit of -3*(1 + (-14)/21) + 2695?
9
Suppose 76*i = 70*i - 342. Let n(j) = -30*j**2 - j + 1. Let t be n(1). Let f = t - i. What is the tens digit of f?
2
Let q = 7 + -3. Suppose 4*z - 3*l + 110 = 0, -5*z = -q*l + l + 139. What is the tens digit of (z/3)/((-3)/18)?
5
Let t be -3 + 7 + 5 + -2. Suppose 0 = 5*l - 8 - t. Suppose -4*w = -l*w - 20. What is the tens digit of w?
2
Suppose -12 = 4*a - 32. Suppose -a*o = -4*f - 330, -2*o + 6*o + 2*f = 238. Suppose 5*p + 3*r = 196, -4*p + 222 = 4*r + o. What is the tens digit of p?
3
Suppose 2*f = -0*f + 6. Suppose 0*i - f*i = -3, -p = -5*i - 8. Suppose 10 = -3*q - 5, p = -b - 4*q. What is the units digit of b?
7
Let d(l) = 6 + 7*l + 4*l**3 - l - 3*l**3 - 7*l**2 + 0. Let t be d(6). Let w(b) = 4*b - 7. What is the tens digit of w(t)?
1
Let m = -559 + 1357. What is the units digit of m?
8
Suppose -2*y = 4*y + 12. What is the units digit of (y/4)/((-4)/648)?
1
Let g(z) = 5*z - 13. Let s be (72/10)/(-3)*(1 - 6). What is the units digit of g(s)?
7
Let j = -95 - -105. Let r(d) = d**3 - 11*d**2 + 11*d - 9. What is the units digit of r(j)?
1
Let z(j) = -j**3 + j + 3. Suppose -2*d - 3*q = -7*d + 12, d - q = 4. Let y be z(d). What is the tens digit of (0 - y/(-9))*39?
1
Let a be 1 + (25/5)/(-5). Suppose a = g + 12 - 39. What is the units digit of g?
7
What is the hundreds digit of (-148)/222 - (-7258)/6?
2
Suppose 3*n - 913 = -x - 175, 0 = -4*n + 5*x + 1003. What is the hundreds digit of n?
2
Let t(x) be the third derivative of x**4/8 + 2*x**3/3 - 12*x**2. What is the units digit of t(7)?
5
What is the units digit of (1 + -7 + 7)/(2/204)?
2
Suppose -x + 17 = 4*y, -4*y - 3*x + x + 18 = 0. Let a be (-3)/2*y/6. Let d(c) = 10*c**2 - 3*c - 2. What is the tens digit of d(a)?
1
What is the tens digit of 447/((-4)/4)*-3?
4
Suppose 1515 = 3*n - 0*n + 3*v, -3*v + 2523 = 5*n. What is the hundreds digit of n?
5
Let q(v) = -3*v**3 + v**2 + 2*v + 1. Let b be q(-4). Suppose d = 4*d - b. What is the tens digit of d?
6
Let f(h) = 67*h**2 - 71*h - 33. What is the hundreds digit of f(9)?
7
Let r(j) = -76 + 3*j**2 + 5*j**2 + j**3 + 86 + 4*j. What is the tens digit of r(-7)?
3
Let p(v) = 2 - 3 + 2 - 2*v + v. Let c be p(5). What is the units digit of ((-10)/c)/((-2)/(-4))?
5
Let g = 2161 - 1074. What is the tens digit of g?
8
Let c be (-369)/6*4/(-6). Suppose -2*b + c = 4*j + b, 0 = -b + 3. Let a = 63 - j. What is the tens digit of a?
5
Let s = 22 + -29. Let t be ((-3)/s)/(5/35). Suppose 4*j - 4 = t*l, -j - 2 = 2*l - 3. What is the units digit of j?
1
Suppose 698 = n - g, -3*n = -0*g + 2*g - 2079. What is the tens digit of n?
9
Let a(p) = -53*p - 490. What is the tens digit of a(-14)?
5
What is the tens digit of (5 + 92*(-3 - 0))*-1?
7
Let j(g) = -98*g - 473. What is the units digit of j(-23)?
1
Suppose -2*r = 17*r - 11438. What is the hundreds digit of r?
6
Suppose 3*y + 2*p - 6808 = 0, -2*y + 37*p + 4547 = 40*p. What is the hundreds digit of y?
2
Let m(j) = 5*j**2 + 5*j - 27. What is the units digit of m(-13)?
3
Let l = 1 + -6. Let j be (-18 - 1)*(l + 2). Suppose 3*i = 3*v - j, i - 68 = -4*v + 3*i. What is the units digit of v?
5
Let i(h) = -10*h - 60. What is the tens digit of i(-7)?
1
Let z(b) = -5*b**2 - b + 343. What is the tens digit of z(0)?
4
Suppose 0 = -3*w - 10 + 13. Let z = 25 - w. What is the units digit of z?
4
Let z(c) = -c**3 - 24*c**2 - 49*c + 1. Let y be (-2 - 4)*(-33)/(-9). What is the units digit of z(y)?
1
Let z(u) = -u**3 + 31*u**2 + 44*u + 25. What is the units digit of z(32)?
9
Suppose 0 = -4*a + 4*h + 64, 3*a + 4*h - 2 = 25. Suppose -11*t = -a*t + 110. What is the tens digit of t?
5
Let n = -7 - 1. Let b be 3/(-12) - (-62)/n. Let h(y) = y**3 + 7*y**2 - 9*y + 8. What is the tens digit of h(b)?
1
Let j = 26 - 31. Let a be j/(5*3/(-18)). What is the units digit of ((-69)/a)/(2/(-4))?
3
Let s = 12 + -12. Let n = -5 + s. Let t(j) = j**2 + j + 5. What is the tens digit of t(n)?
2
Let k = 2 - 23. Suppose -32 = -p + 2*o, -108 = -3*p + 5*o - 2*o. Let t = p + k. What is the units digit of t?
9
Suppose -n = -4*n + 1272. What is the units digit of n?
4
Let d be 24*6/12*61. Suppose 9*r = d + 285. What is the units digit of r?
3
Suppose 0 = r - 2*t - 141, 2*t - 415 = -3*r + 6*t. Let v = 64 - 64. Suppose 4*x - 172 = -4*g - 0, -3*g - 5*x + r = v. What is the tens digit of g?
4
Let r(h) = -346*h - 315. What is the hundreds digit of r(-13)?
1
Let j = 51 + 3. Suppose -3*g + 21 = -j. What is the tens digit of g?
2
Let a(r) = r**2 - 3*r - 13. Let d be a(-3). Suppose 0 = 8*f - 9*f + 1, -4*f = d*i - 559. What is the hundreds digit of i?
1
Suppose -6*l + 2*l + 368 = 0. Suppose 4*h = 2*x + 296, -3*h + 2*h + 5*x + l = 0. What is the units digit of h?
2
Let d(l) = -l**3 - 10*l**2 + 10*l - 7. Let q be d(-11). Suppose 2*z + q = 54. What is the tens digit of z?
2
Suppose 0 = 5*p + 220 - 4305. What is the hundreds digit of p?
8
Let v be 4/20 - 48/(-10). Suppose -d + 340 = v*a - 2*d, 3*a = -4*d + 181. What is the tens digit of a?
6
Let g(f) = -f**3 - 8*f**2 + 20*f - 2. Let i be g(-13). Suppose -4*z - 119 = -i. What is the units digit of z?
6
Suppose -a = 2*a + 51. Let k = a - -20. What is the units digit of (-7 + 0)/(k/(-9))?
1
Suppose 2*b + 1360 = 3*d, 0*b + 2*b - 890 = -2*d. What is the units digit of d?
0
Let z(d) = 2*d + 6*d**2 + d + 4*d**2. What is the units digit of z(-2)?
4
Suppose -3*w + 93 - 232 = -5*q, 0 = -3*q - 12. Let p be -2 + (2 - (-3)/(-3)). What is the tens digit of w/(-1) - (5 + p)?
4
Suppose 3*c = 23 - 8. Suppose w + 3*n - c*n - 142 = 0, -n = -w + 141. What is the hundreds digit of w?
1
Suppose -12 = -5*q + 8. Suppose -q*p - p = -25. What is the tens digit of ((-32)/p)/((-4)/10)?
1
Suppose -5*i - 4*h = -1390, 1043 = 3*i - 4*h + 209. What is the units digit of i?
8
Let x(m) = 5*m - 12. Suppose -3*t - 72 = -2*v, -4*t = -v - 3*v + 140. Suppose 0 = -5*y + 2*l + v, -4*y - l = l - 12. What is the tens digit of x(y)?
1
Let p(d) = -14*d**3 - 5*d**2 + 3*d + 1. What is the hundreds digit of p(-3)?
3
Suppose 13*q = 3*s + 10*q - 9048, 5*q = 2*s - 6026. What is the hundreds digit of s?
0
Suppose -29 = -2*c + 5*s - 2, -3*s = 5*c - 52. Suppose 252 = -0*r + 2*r. Suppose r = -8*o + c*o. What is the tens digit of o?
4
Let t(c) = -c**2 - 30*c - 4. Let o(r) = r**2 + 31*r + 5. Let j(f) = 3*o(f) + 4*t(f). What is the units digit of j(-18)?
1
Suppose 5*d - y = 6807, -120*d + 115*d + 3*y = -6811. What is the units digit of d?
1
Suppose -i = -u - 3*i + 8, 3*i = 9. Suppose 2*x = 3*q + 88, -5*q + 94 = -u*x + 5*x. What is the tens digit of x?
3
Let j(c) = 14*c - 22. Let r(i) = 7*i - 11. Let u(m) = 3*j(m) - 5*r(m). What is the units digit of u(7)?
8
Suppose 20 = -4*g, 2*g = -y - 3*g - 5. Let r = y + 19. What is the units digit of r?
9
Let n be 4/(-18) - 685/(-45). Let c be (-1 + -56)*5/n. Let d = -8 - c. What is the units digit of d?
1
Suppose q = -3*q + 4, 4*g = 5*q + 7. Let y be (13/g - 3)*-6. Let x = y + 15. What is the units digit of x?
7
Let t = 265 - -207. Suppose -6*q - t = -14*q. What is the units digit of q?
9
Let o(i) = -2*i + 9*i + 11*i - 2*i - 2. Let y be o(3). What is the tens digit of (-2)/4 + y/4?
1
Let b(g) = 41*g**3 - 11*g + 13. Let o be b(3). Suppose 0 = 11*w + o - 2924. What is the units digit of w?
7
Let a(x) = x**2 + 11*x - 1. Let j be a(-11). Let o(l) be the second derivative of -21*l**5/20 - l**2/2 + 6*l. What is the units digit of o(j)?
0
Let z = 5413 - -439. What is the hundreds digit of z?
8
Let q(k) = 81*k**2 + 3*k + 55. What is the hundreds digit of q(-4)?
3
Suppose 2 + 8 = -i - 4*f, -12 = -4*i - 3*f. What is the units digit of (-144)/i*(-30)/9?
0
Let q(b) = 4*b + 4. Let z(m) = -4*m + 2. Let c be z(2). Let w be q(c). What is the tens digit of (-5)/(w/12) - -24?
2
Let p(x) be the third derivative of 11/12*x**4 + 0 + 0*x + 2/3*x**3 + 8*x**2. What is the units digit of p(2)?
8
Let h(b) = b**3 + 2*b**2 + 3*b. What is the hundreds digit of h(8)?
6
Let h(l) = 29*l + 176. What is the units digit of h(6)?
0
Suppose -11*b + 1540 = 3*b. Let q = 49 + b. What is the tens digit of q?
5
What is the thousands d